) to base 5.
-23001
Convert -2112031 (base 4) to base 10.
-9613
Convert 100000010001011 (base 2) to base 15.
4d68
1004100 (base 5) to base 9
24134
Convert 2012220 (base 3) to base 12.
b29
Convert 21142 (base 5) to base 11.
1083
Convert -3bc (base 15) to base 12.
-5b0
What is -1122310 (base 4) in base 6?
-42524
Convert -15313 (base 7) to base 9.
-5767
Convert 5207 (base 16) to base 7.
115136
What is 154a (base 13) in base 16?
c20
-1125 (base 16) to base 15
-1479
Convert -6c9 (base 14) to base 11.
-1020
-519 (base 12) to base 11
-614
Convert -7197 (base 10) to base 15.
-21ec
Convert -b12 (base 16) to base 2.
-101100010010
Convert -24522 (base 6) to base 7.
-13433
-299 (base 14) to base 7
-1352
What is -4da2 (base 14) in base 10?
-13666
What is 13263 (base 7) in base 2?
110111110101
What is -3024124 (base 5) in base 8?
-137030
What is -10430 (base 10) in base 15?
-3155
Convert -17c5 (base 15) to base 10.
-5135
Convert -41 (base 9) to base 5.
-122
What is 54131 (base 6) in base 15?
22d4
What is -32e (base 16) in base 3?
-1010011
What is 13754 (base 13) in base 2?
1000111000110100
What is 202120 (base 4) in base 12?
1334
What is -d83 (base 14) in base 8?
-5147
ad3 (base 14) to base 7
6153
What is -555 (base 8) in base 10?
-365
14003 (base 5) to base 13
68a
Convert 220000 (base 4) to base 3.
10111211
-2451 (base 7) to base 8
-1626
What is 319 (base 12) in base 2?
111000101
What is 30103 (base 6) in base 10?
3927
Convert -6535 (base 11) to base 6.
-103541
Convert -14246 (base 15) to base 5.
-4032031
Convert -2005 (base 13) to base 7.
-15553
What is 27018 (base 11) in base 13?
14768
Convert -a4a (base 14) to base 5.
-31101
Convert -1653 (base 8) to base 2.
-1110101011
What is 3844 (base 9) in base 15?
cba
-1011221 (base 3) to base 12
-5ba
What is 2021 (base 4) in base 16?
89
Convert -20402 (base 5) to base 15.
-602
What is -4034 (base 5) in base 7?
-1341
Convert 1937 (base 11) to base 2.
100110011100
Convert -c42 (base 14) to base 2.
-100101101010
-32204 (base 5) to base 6
-14031
What is 1212222 (base 3) in base 4?
111200
Convert -101001000100000 (base 2) to base 5.
-1133044
What is -21144 (base 7) in base 12?
-3036
Convert 4262 (base 14) to base 9.
16636
212101220 (base 3) to base 12
9a59
What is 10223212 (base 4) in base 3?
222022011
Convert 377 (base 10) to base 15.
1a2
-20111 (base 4) to base 15
-258
What is 10011111 (base 2) in base 6?
423
What is -286 (base 9) in base 2?
-11110000
What is -10034 (base 5) in base 2?
-1010000100
-137a9 (base 14) to base 13
-18c04
433 (base 12) to base 16
267
What is 4135 (base 12) in base 13?
32cc
What is 10205 (base 6) in base 11?
1039
What is 1011111111 (base 2) in base 16?
2ff
570 (base 9) to base 3
122100
What is -115e (base 16) in base 2?
-1000101011110
-640 (base 9) to base 16
-20a
2544 (base 8) to base 13
822
What is -10100010100 (base 2) in base 4?
-110110
565 (base 16) to base 10
1381
Convert 110101100111 (base 2) to base 4.
311213
3992 (base 13) to base 6
102035
-2201222 (base 4) to base 11
-7856
Convert -125134 (base 9) to base 10.
-75928
What is -230222 (base 5) in base 2?
-1111111111011
-305 (base 16) to base 14
-3d3
What is 22055 (base 6) in base 9?
4168
Convert 112212 (base 3) to base 4.
12101
Convert 3010 (base 5) to base 8.
574
-223101 (base 4) to base 13
-1350
2aa2 (base 11) to base 3
12110120
What is -38281 (base 10) in base 11?
-26841
What is 7c9 (base 16) in base 13?
ba4
21209 (base 12) to base 6
533213
Convert -1a01 (base 12) to base 11.
-2421
-8896 (base 10) to base 11
-6758
What is -10102122 (base 4) in base 13?
-7cbc
What is -553 (base 7) in base 15?
-13d
What is -123222 (base 4) in base 14?
-906
Convert -355234 (base 6) to base 12.
-15b1a
What is 184 (base 12) in base 8?
364
What is 246 (base 10) in base 2?
11110110
-14272 (base 8) to base 14
-2442
What is -5a5 (base 14) in base 9?
-1480
3992 (base 13) to base 5
230411
What is -1c96 (base 14) in base 6?
-40112
What is -14033 (base 6) in base 3?
-2222210
What is -100110101010 (base 2) in base 16?
-9aa
-669 (base 11) to base 10
-801
What is -21141 (base 6) in base 8?
-5465
Convert -1d0 (base 15) to base 7.
-1140
Convert 102012 (base 3) to base 6.
1222
Convert 5eb (base 16) to base 9.
2063
Convert -454 (base 6) to base 14.
-ca
125315 (base 8) to base 12
21379
What is -1145 (base 11) in base 10?
-1501
Convert -16167 (base 9) to base 10.
-11077
What is 972 (base 15) in base 11?
1669
What is -369 (base 14) in base 3?
-221020
Convert -1430 (base 5) to base 15.
-110
210 (base 12) to base 6
1220
525 (base 12) to base 14
3b7
1310212 (base 4) to base 9
11211
Convert -913 (base 11) to base 3.
-1111212
134 (base 16) to base 10
308
1023 (base 7) to base 12
260
-100334 (base 7) to base 5
-1020404
What is 8282 (base 9) in base 12?
3618
What is 11000110010 (base 2) in base 4?
120302
-101 (base 10) to base 5
-401
-415 (base 6) to base 13
-bc
43468 (base 9) to base 8
70221
72155 (base 9) to base 15
e12b
What is -241110 (base 5) in base 11?
-6766
Convert 114041 (base 5) to base 8.
10257
Convert 61 (base 8) to base 16.
31
Convert 14143 (base 12) to base 7.
144114
Convert 1310322 (base 5) to base 13.
b91b
d2e (base 15) to base 11
225a
Convert -1c37 (base 13) to base 2.
-1000010101111
What is -20123 (base 4) in base 5?
-4124
Convert -1102122222 (base 3) to base 11.
-1a1a5
-7466 (base 13) to base 5
-1004024
Convert 3844 (base 9) to base 5.
43000
231202 (base 4) to base 3
10222221
Convert 31253 (base 9) to base 15.
619c
-54ca (base 16) to base 5
-1143311
-37ba (base 14) to base 16
-2628
What is 11100101 (base 4) in base 11?
15195
Convert -1215 (base 6) to base 9.
-362
Convert -8401 (base 11) to base 16.
-2b7d
117 (base 13) to base 7
360
What is -75682 (base 9) in base 11?
-34735
Convert -10001110000001 (base 2) to base 10.
-9089
What is 1313 (base 11) in base 16?
6ac
What is a86 (base 12) in base 2?
11000000110
Convert -110210 (base 3) to base 10.
-345
What is d4 (base 16) in base 9?
255
Convert 589 (base 11) to base 16.
2be
What is -1525 (base 8) in base 3?
-1011121
1001000101101001 (base 2) to base 7
213346
What is 119e (base 15) in base 13?
1925
-107624 (base 8) to base 5
-2134011
Convert -520 (base 11) to base 13.
-393
-2031033 (base 4) to base 6
-105503
What is -12301010 (base 4) in base 6?
-332152
-2022121121 (base 3) to base 6
-551154
Convert 1753 (base 15) to base 16.
13a4
What is 7981 (base 12) in base 3?
200111121
What is -40432 (base 10) in base 9?
-61414
What is -1101011001 (base 2) in base 7?
-2333
Convert a97 (base 12) to base 14.
7d1
What is 14a76 (base 13) in base 8?
114340
bdae (base 15) to base 5
2241324
Convert -2235 (base 9) to base 11.
-1272
What is 14 (base 7) in base 16?
b
Convert 1105 (base 7) to base 13.
247
8118 (base 11) to base 6
121540
Convert -614 (base 10) to base 16.
-266
-804a (base 11) to base 5
-320302
-4011 (base 5) to base 10
-506
What is 9b43 (base 12) in base 13?
7a91
403052 (base 6) to base 4
13300220
Convert 17662 (base 9) to base 13.
572c
-826 (base 14) to base 15
-71c
Convert -10001011122 (base 3) to base 8.
-164777
What is -11743 (base 8) in base 15?
-1796
361656 (base 7) to base 5
4044010
What is -7685 (base 9) in base 5?
-140131
13404 (base 5) to base 7
3135
What is -27641 (base 8) in base 3?
-121201121
Convert -121041 (base 6) to base 9.
-15487
What is 53444 (base 7) in base 10?
13262
What is -488 (base 9) in base 2?
-110010100
Convert -2a94 (base 14) to base 4.
-1312122
What is 1028 (base 12) in base 5?
24020
94d (base 16) to base 12
1465
Convert 4834 (base 9) to base 3.
11221011
What is 13 (base 11) in base 5?
24
-201115 (base 6) to base 8
-36707
30011 (base 4) to base 13
476
What is 90 (base 10) in base 5?
330
-ab88 (base 13) to base 12
-11a31
What is 60a (base 15) in base 5?
20420
Convert -22012 (base 5) to base 7.
-4252
What is -10022 (base 3) in base 13?
-6b
Convert 1423 (base 6) to base 16.
177
-120020121 (base 3) to base 10
-11113
Convert -1020210220 (base 3) to base 11.
-17578
What is -1113 (base 5) in base 16?
-9e
34 (base 12) to base 11
37
What is 8279 (base 10) in base 15?
26be
Convert 1000300 (base 6) to base 15.
dcc9
-470 (base 9) to base 5
-3022
What is 10010000001110 (base 2) in base 13?
4280
What is 10100100111 (base 2) in base 13?
7a6
What is 192c (base 14) in base 2?
1000111000100
Convert -24d